me factors of k?
2
Let n(u) = -52*u + 18. Let z be n(-6). Suppose 2*j + z = 7*j. What are the prime factors of j - 3*(-4)/6?
2, 17
Let h(z) = -z**3 - 5*z**2 - 5*z. Let p be h(-4). Let g be (p/(-5))/(8/20). What are the prime factors of 2 - -2*g/(-2)?
2
Let i be 12/15 + 12/(-15). Suppose 0*x + x - 29 = i. Suppose 0 = -5*y - 4*q + x + 75, 3*y + 3*q - 63 = 0. List the prime factors of y.
2, 5
List the prime factors of -25*(1*-4 + 3 + -4).
5
Suppose 0 = 4*d - 12 + 8, 0 = 3*r - 3*d - 789. What are the prime factors of r?
2, 3, 11
Suppose 12*t - 2474 + 818 = 0. Let g = t - -88. List the prime factors of g.
2, 113
Suppose 3*y - 2*w = 110, 178 = 6*y - y + 2*w. Let o be ((-3)/(-4))/(3/y). Suppose -o = -3*x, -3*b + 80 = x - 1. What are the prime factors of b?
2, 13
What are the prime factors of 2*((-7)/(-14))/((-2)/(-1306))?
653
Let g = -3 - -4. List the prime factors of g*-3 + (-6 - -40).
31
Let r be 2/3 + 4494/9. Suppose -3*f - 2*f = -r. Suppose -3*s = s - f. What are the prime factors of s?
5
Let i be ((8/(-5))/(-2))/(17/85). Suppose -y + 35 + 28 = a, -5*a - i*y = -311. What are the prime factors of a?
59
Suppose -265 = -8*v - 729. Let a = 188 - v. List the prime factors of a.
2, 3, 41
Suppose 2*g = 4*n + 580, -4*g - 4*n + 470 = -678. List the prime factors of g.
2, 3
Let r(v) = v - 1. Let g be r(11). Suppose 0 = q - g + 22. Let c(w) = w**3 + 11*w**2 - 13*w + 2. List the prime factors of c(q).
2, 7
Suppose 5*f = 3*f + 226. Let r = 270 - f. What are the prime factors of r?
157
Suppose 3*i - 4 = 2*c, -2*i = -3*i - c - 2. Suppose 0 = -x + 4*o - 6, i = 5*x - 2*o - 2 - 4. Suppose a - x*a + 2*d + 19 = 0, d = 0. List the prime factors of a.
19
Let v = 6 + -2. Suppose q + v*q = 390. List the prime factors of q.
2, 3, 13
Suppose 5*j = 8*j - 18. Let k be j - 2/6*6. Suppose 116 = k*d - 56. What are the prime factors of d?
43
What are the prime factors of (-12450)/(-35) - (-14)/49?
2, 89
Suppose 2*i - 2449 - 1690 = -5*t, t - i = 825. List the prime factors of t.
827
Let c be 27 - (-7 + (-3)/(-1)). Let d = 58 - c. List the prime factors of d.
3
Let n(d) = -41*d + 161. List the prime factors of n(-30).
13, 107
Let i(d) = -4*d - 12. Let s be i(-5). Suppose 152 = 2*n - n. Suppose s*p - n = 4*p. What are the prime factors of p?
2, 19
Let a(x) = 326*x**3 - 14*x + 26. List the prime factors of a(2).
2, 1303
Let d(x) = 4*x**2 - 27*x - 102. List the prime factors of d(23).
7, 199
Suppose 3*q - 2 = -m + 16, 2*q - 16 = -2*m. Suppose -m*d + 4*d = 2. Suppose 0 = z - d - 20. What are the prime factors of z?
2, 11
Suppose 0 = 52*i - 20*i - 24992. What are the prime factors of i?
11, 71
Suppose -4*w = 5*f - 360, w - 209 = -4*f + f. What are the prime factors of f?
2, 17
What are the prime factors of (4/(-10))/(12/(-29520))?
2, 3, 41
What are the prime factors of 4/2 - 1767/(-31)?
59
Let w = 136 + 4. Suppose -2*z + w = 5*t, z = t - 5*t + 115. List the prime factors of t.
2, 3, 5
Suppose 3*j = 2*z - 0*j - 40, 2*j + 60 = 3*z. List the prime factors of (308/z)/((-3)/(-15)).
7, 11
Let m = 1095 - 341. List the prime factors of m.
2, 13, 29
Let i(g) = g**2 - g - 5. Let r(k) = -k**3 - k**2 - k + 6. Let z be -2 - (0 + -1)*2. Let f be r(z). List the prime factors of i(f).
5
Let g = -12 + 17. Suppose 0*j + g*j = 60. List the prime factors of (4 - 20/j)*15.
5, 7
Suppose 0 = q + 3*d - 4446, q + 2*d = 5*q - 17812. List the prime factors of -1*(-2)/(-11) + q/44.
101
Let z(b) = -b + 4. Let h be z(0). Suppose 4*k - 336 = -h*t, -338 = -4*k - t - 8. What are the prime factors of k?
2, 41
Let k(m) = m + 17. Let z be k(-8). Let d = 19 - z. Suppose -6*s + 5*s = -d. List the prime factors of s.
2, 5
Let h = 37 - 113. Let k = -48 - h. What are the prime factors of k?
2, 7
Let h(w) = -2*w**2 - 14*w + 3. Let t be h(-7). Let s(g) = 3*g**2 - 2*g - t*g**3 + g**2 - 4 - 2*g**2 - g**2. List the prime factors of s(-2).
2, 7
Let l(q) = -q**2 + 8*q - 11. Let h(b) = b**3 + 5*b**2 - 3*b - 10. Let a be h(-5). Let y be l(a). Suppose 0 = -5*f + y*f + 34. What are the prime factors of f?
2, 17
Let o(a) = -57*a. Let c be o(2). Let f be c/9 - (-3)/(-9). Let t = f - -40. List the prime factors of t.
3
Suppose -645 = 3*a + x, 6*a + 4*x + 1075 = a. List the prime factors of ((-66)/55)/(2/a).
3, 43
Let w be -2 + (-12)/(-8)*(-110)/(-3). Let a = w - 17. What are the prime factors of a?
2, 3
Let l(h) be the first derivative of h**2 + 35*h + 4. Let p be l(-15). Suppose -u = -2*u + p. What are the prime factors of u?
5
Let r = -55 - -954. What are the prime factors of r?
29, 31
List the prime factors of 682 + 2/14 + (-169)/(-91).
2, 3, 19
Suppose -6*s + 2*s + 4*f = -2396, -3*s - 2*f = -1822. What are the prime factors of s?
2, 151
Suppose 5*a - 52 = -v, 4*a - 6 = 10. Let w = 29 + v. List the prime factors of w.
61
Let v = -180 - -419. What are the prime factors of v?
239
Let f(c) = c**3 - 7*c**2 - 6*c + 10. What are the prime factors of f(10)?
2, 5
Let r = 9 - 8. Let q be (2/(-6))/(r/(-18)). What are the prime factors of ((-44)/q)/(2/(-6))?
2, 11
Suppose 6 = 5*a - 2*a - g, 5*a - 4*g - 10 = 0. List the prime factors of -3*(a - 340/15).
2, 31
Suppose -11 = -2*k + q, k + q = -0*k + 7. Let l(p) = 4*p**2 - 3*p**3 + 8 - k*p**2 + 3*p**2 - 2*p**2 + 4*p. List the prime factors of l(-3).
2, 17
Let j be ((-28)/8)/(3/(-96)). Suppose -j = -3*n - 1. List the prime factors of n.
37
List the prime factors of (408/36)/((6/(-333))/(-2)).
2, 17, 37
Let m be (-3)/(-2)*(-16)/(-12). Suppose 0 = -z - 4*z + 15, 0 = m*b - z - 117. List the prime factors of b.
2, 3, 5
Suppose 0*r - r - 3 = 0. Let q be ((-2)/r)/((-6)/(-45)). Suppose -5*n - 210 = -5*f, 2*f + q*n - 3*n - 76 = 0. List the prime factors of f.
2, 5
Let g be 1/(-4 + 21/5). Let p = -83 + g. Let n = -38 - p. List the prime factors of n.
2, 5
Let m(g) = 14*g**2 - 7*g - 3. Let o(j) = 15*j**2 - 8*j - 4. Let y(f) = 7*m(f) - 6*o(f). What are the prime factors of y(-4)?
3, 5
Let a(x) be the first derivative of -3*x**2/2 - 11*x - 4. Let j be a(-5). Suppose 0 = -3*l + 3*t + 63, 8*l - 100 = 3*l + j*t. List the prime factors of l.
2
Suppose -13*s + 6 = -15*s. What are the prime factors of ((-16)/(-1))/(s/(-12))?
2
Let b be 7/((-14)/(-4)) + 18. Suppose 0 = 4*s - 9*s + b. Suppose -l - s*l = -205. List the prime factors of l.
41
Suppose 3*j + 16 = 1. List the prime factors of j/((-165)/(-6)) - (-4976)/22.
2, 113
Let p(c) = -c**2 - 5*c - 1. Let f be p(-4). Suppose o - 2*o = -f. Suppose 3*r - 3*v - 56 = 13, -o*r + 5*v + 59 = 0. What are the prime factors of r?
2, 7
Let z(w) = w**2 - 9*w + 4. Let m(g) = -g**2 + 8*g - 3. Let x(i) = 5*m(i) + 4*z(i). Let o be x(2). Suppose 2*q = o*q - 54. List the prime factors of q.
2, 3
Suppose 2*w = -2*w - 24. Let p(h) = 2*h + 14. Let f be p(w). Suppose -2 + 21 = m + 2*o, f*o - 63 = -5*m. List the prime factors of m.
11
Let p(y) = 2*y**2 + 11*y - 16. Let l be p(-7). Suppose 5*c = s + 2*s - 570, l*c = s - 190. What are the prime factors of s?
2, 5, 19
Let h be (-54)/12*8/(-12). Suppose 2*q + h*l - 4 = 26, l + 2 = 0. List the prime factors of q.
2, 3
Let w = 339 + -238. What are the prime factors of w?
101
Suppose 5*i - 3*k - 25930 = -6*k, -5*k - 25930 = -5*i. List the prime factors of i.
2, 2593
Let p be (-9)/(12/(-80)*-2). List the prime factors of (108/p)/(1 - 62/60).
2, 3
Let g = 950 + 1. What are the prime factors of g?
3, 317
Suppose 4*w - 3*x - 5 = 0, 9*x - 4*x = -3*w + 40. Let h(n) = -8*n**2 - n + 1. Let l be h(2). List the prime factors of -2*w/(10/l).
3, 11
Suppose 156 + 1019 = 5*k. List the prime factors of k.
5, 47
Let w(m) = -5*m - 8. Suppose 34*r - 29*r + 85 = 0. What are the prime factors of w(r)?
7, 11
Suppose z + 3123 = -6*w + 8*w, -3*z = 3. List the prime factors of w.
7, 223
Let y(h) = 269*h**2 - 9*h - 5. List the prime factors of y(-2).
3, 11
Let n(w) = 3*w**2 - 8*w - 6. Let v be n(-4). Suppose -14 = 2*z - v. What are the prime factors of (36/z)/(4/50)?
3, 5
Let o(q) = -106*q + 224. What are the prime factors of o(-8)?
2, 67
Let s be (-1764)/(-35) - (-4)/(-10). What are the prime factors of s/18 - 6/(-27)?
3
Let a(j) = j - 5. Suppose 0*k - 6 = -2*k. Suppose -42 = -k*i - 6. List the prime factors of a(i).
7
Let b = 12 + -9. Suppose 7 + 13 = 4*p + k, -p + b*k = -5. Suppose -p*q + 0*q = -25. List the prime factors of q.
5
Suppose 2*v - 9*y = -4*y + 12, 3*y = 